{"id":47,"date":"2024-05-29T11:13:48","date_gmt":"2024-05-29T09:13:48","guid":{"rendered":"https:\/\/audiomobiles.fr\/?page_id=47"},"modified":"2024-05-29T12:01:04","modified_gmt":"2024-05-29T10:01:04","slug":"47-2","status":"publish","type":"page","link":"https:\/\/audiomobiles.fr\/index.php\/47-2\/","title":{"rendered":""},"content":{"rendered":"\t\t<div data-elementor-type=\"wp-page\" data-elementor-id=\"47\" class=\"elementor elementor-47\">\n\t\t\t\t<div class=\"elementor-element elementor-element-12f1db1 e-flex e-con-boxed e-con e-parent\" data-id=\"12f1db1\" data-element_type=\"container\">\n\t\t\t\t\t<div class=\"e-con-inner\">\n\t\t\t\t<div class=\"elementor-element elementor-element-1fb0ed9 elementor-widget elementor-widget-image\" data-id=\"1fb0ed9\" data-element_type=\"widget\" data-widget_type=\"image.default\">\n\t\t\t\t<div class=\"elementor-widget-container\">\n\t\t\t<style>\/*! elementor - v3.21.0 - 22-05-2024 *\/\n.elementor-widget-image{text-align:center}.elementor-widget-image a{display:inline-block}.elementor-widget-image a img[src$=\".svg\"]{width:48px}.elementor-widget-image img{vertical-align:middle;display:inline-block}<\/style>\t\t\t\t\t\t\t\t\t\t\t<a href=\"https:\/\/audiomobiles.fr\/\">\n\t\t\t\t\t\t\t<img fetchpriority=\"high\" decoding=\"async\" width=\"1299\" height=\"708\" src=\"https:\/\/audiomobiles.fr\/wp-content\/uploads\/2024\/05\/cropped-Logo-entreprise-a-mission.png\" class=\"attachment-full size-full wp-image-27\" alt=\"\" srcset=\"https:\/\/audiomobiles.fr\/wp-content\/uploads\/2024\/05\/cropped-Logo-entreprise-a-mission.png 1299w, https:\/\/audiomobiles.fr\/wp-content\/uploads\/2024\/05\/cropped-Logo-entreprise-a-mission-300x164.png 300w, https:\/\/audiomobiles.fr\/wp-content\/uploads\/2024\/05\/cropped-Logo-entreprise-a-mission-1024x558.png 1024w, https:\/\/audiomobiles.fr\/wp-content\/uploads\/2024\/05\/cropped-Logo-entreprise-a-mission-768x419.png 768w\" sizes=\"(max-width: 1299px) 100vw, 1299px\" \/>\t\t\t\t\t\t\t\t<\/a>\n\t\t\t\t\t\t\t\t\t\t\t\t\t<\/div>\n\t\t\t\t<\/div>\n\t\t\t\t\t<\/div>\n\t\t\t\t<\/div>\n\t\t<div class=\"elementor-element elementor-element-b8121ca e-flex e-con-boxed e-con e-parent\" data-id=\"b8121ca\" data-element_type=\"container\" data-settings=\"{&quot;background_background&quot;:&quot;classic&quot;}\">\n\t\t\t\t\t<div class=\"e-con-inner\">\n\t\t\t\t<div class=\"elementor-element elementor-element-25b6bd5 elementor-widget elementor-widget-heading\" data-id=\"25b6bd5\" data-element_type=\"widget\" data-widget_type=\"heading.default\">\n\t\t\t\t<div class=\"elementor-widget-container\">\n\t\t\t<style>\/*! elementor - v3.21.0 - 22-05-2024 *\/\n.elementor-heading-title{padding:0;margin:0;line-height:1}.elementor-widget-heading .elementor-heading-title[class*=elementor-size-]>a{color:inherit;font-size:inherit;line-height:inherit}.elementor-widget-heading .elementor-heading-title.elementor-size-small{font-size:15px}.elementor-widget-heading .elementor-heading-title.elementor-size-medium{font-size:19px}.elementor-widget-heading .elementor-heading-title.elementor-size-large{font-size:29px}.elementor-widget-heading .elementor-heading-title.elementor-size-xl{font-size:39px}.elementor-widget-heading .elementor-heading-title.elementor-size-xxl{font-size:59px}<\/style><h2 class=\"elementor-heading-title elementor-size-default\">Actualit\u00e9s<\/h2>\t\t<\/div>\n\t\t\t\t<\/div>\n\t\t\t\t\t<\/div>\n\t\t\t\t<\/div>\n\t\t<div class=\"elementor-element elementor-element-45afae2 e-flex e-con-boxed e-con e-parent\" data-id=\"45afae2\" data-element_type=\"container\" data-settings=\"{&quot;background_background&quot;:&quot;classic&quot;}\">\n\t\t\t\t\t<div class=\"e-con-inner\">\n\t\t\t\t<div class=\"elementor-element elementor-element-8dd64d4 elementor-widget elementor-widget-image\" data-id=\"8dd64d4\" data-element_type=\"widget\" data-widget_type=\"image.default\">\n\t\t\t\t<div class=\"elementor-widget-container\">\n\t\t\t\t\t\t\t\t\t\t\t\t\t<img decoding=\"async\" width=\"800\" height=\"405\" src=\"https:\/\/audiomobiles.fr\/wp-content\/uploads\/2024\/05\/Travaux-logo-V6-1-1-1024x518.png\" class=\"attachment-large size-large wp-image-35\" alt=\"\" srcset=\"https:\/\/audiomobiles.fr\/wp-content\/uploads\/2024\/05\/Travaux-logo-V6-1-1-1024x518.png 1024w, https:\/\/audiomobiles.fr\/wp-content\/uploads\/2024\/05\/Travaux-logo-V6-1-1-300x152.png 300w, https:\/\/audiomobiles.fr\/wp-content\/uploads\/2024\/05\/Travaux-logo-V6-1-1-768x389.png 768w, https:\/\/audiomobiles.fr\/wp-content\/uploads\/2024\/05\/Travaux-logo-V6-1-1-1536x777.png 1536w, https:\/\/audiomobiles.fr\/wp-content\/uploads\/2024\/05\/Travaux-logo-V6-1-1-2048x1037.png 2048w\" sizes=\"(max-width: 800px) 100vw, 800px\" \/>\t\t\t\t\t\t\t\t\t\t\t\t\t<\/div>\n\t\t\t\t<\/div>\n\t\t\t\t\t<\/div>\n\t\t\t\t<\/div>\n\t\t<div class=\"elementor-element elementor-element-1fe4fec e-flex e-con-boxed e-con e-parent\" data-id=\"1fe4fec\" data-element_type=\"container\">\n\t\t\t\t\t<div class=\"e-con-inner\">\n\t\t\t\t<div class=\"elementor-element elementor-element-9634a6f elementor-widget elementor-widget-heading\" data-id=\"9634a6f\" data-element_type=\"widget\" data-widget_type=\"heading.default\">\n\t\t\t\t<div class=\"elementor-widget-container\">\n\t\t\t<h2 class=\"elementor-heading-title elementor-size-default\">\u00c9tude statistique : Comment Les Audioproth\u00e9sistes Mobiles sont per\u00e7us par leurs utilisateurs ?<\/h2>\t\t<\/div>\n\t\t\t\t<\/div>\n\t\t\t\t<div class=\"elementor-element elementor-element-7d1c345 elementor-widget elementor-widget-text-editor\" data-id=\"7d1c345\" data-element_type=\"widget\" data-widget_type=\"text-editor.default\">\n\t\t\t\t<div class=\"elementor-widget-container\">\n\t\t\t<style>\/*! elementor - v3.21.0 - 22-05-2024 *\/\n.elementor-widget-text-editor.elementor-drop-cap-view-stacked .elementor-drop-cap{background-color:#69727d;color:#fff}.elementor-widget-text-editor.elementor-drop-cap-view-framed .elementor-drop-cap{color:#69727d;border:3px solid;background-color:transparent}.elementor-widget-text-editor:not(.elementor-drop-cap-view-default) .elementor-drop-cap{margin-top:8px}.elementor-widget-text-editor:not(.elementor-drop-cap-view-default) .elementor-drop-cap-letter{width:1em;height:1em}.elementor-widget-text-editor .elementor-drop-cap{float:left;text-align:center;line-height:1;font-size:50px}.elementor-widget-text-editor .elementor-drop-cap-letter{display:inline-block}<\/style>\t\t\t\t<p><span style=\"font-family: inherit; color: #050505; font-size: 15px; white-space-collapse: preserve; text-align: var(--text-align);\">Chez Les Audioproth\u00e9sistes Mobiles, notre objectif est d&rsquo;am\u00e9liorer la qualit\u00e9 de vie des personnes malentendantes en situation de d\u00e9pendance, de mani\u00e8re \u00e9thique et bienveillante, en impliquant les aidants professionnels et familiaux.<\/span><\/p><p><span style=\"font-family: inherit; text-align: var(--text-align); color: #050505; font-size: 15px; white-space-collapse: preserve;\">Afin de garantir que nous respectons pleinement ces objectifs, nous avons r\u00e9cemment r\u00e9alis\u00e9 une \u00e9tude statistique aupr\u00e8s de nos patients, leurs proches, leurs aidants et leurs \u00e9tablissements respectifs pour recueillir leurs impressions sur nos <\/span><span style=\"font-family: inherit; text-align: var(--text-align); color: #050505; font-size: 15px; white-space-collapse: preserve;\">services.<\/span><\/p><p><span style=\"font-family: inherit; color: #050505; font-size: 15px; white-space-collapse: preserve; text-align: var(--text-align);\">Nous sommes ravis de partager avec vous les retours de notre \u00e9tude :<\/span><\/p><div style=\"margin: 0.5em 0px 0px; white-space-collapse: preserve; overflow-wrap: break-word; font-family: 'Segoe UI Historic', 'Segoe UI', Helvetica, Arial, sans-serif; color: #050505; font-size: 15px;\"><div dir=\"auto\" style=\"font-family: inherit;\"><span style=\"text-align: inherit; overflow-wrap: break-word; display: inline-flex; padding: 0px; margin: 0px 1px; vertical-align: middle; height: 16px; width: 16px; font-family: inherit;\"><img decoding=\"async\" style=\"border-width: 0px; border-style: initial; object-fit: fill;\" src=\"https:\/\/static.xx.fbcdn.net\/images\/emoji.php\/v9\/t33\/1\/16\/2705.png\" alt=\"\u2705\" width=\"16\" height=\"16\" \/><\/span> <span style=\"text-align: var(--text-align);\">96,2% expriment leur satisfaction quant \u00e0 la qualit\u00e9 de notre accompagnement et de nos services de soins auditifs.<\/span><\/div><div dir=\"auto\" style=\"font-family: inherit;\"><span style=\"text-align: inherit; overflow-wrap: break-word; display: inline-flex; padding: 0px; margin: 0px 1px; vertical-align: middle; height: 16px; width: 16px; font-family: inherit;\"><img decoding=\"async\" style=\"border-width: 0px; border-style: initial; object-fit: fill;\" src=\"https:\/\/static.xx.fbcdn.net\/images\/emoji.php\/v9\/t33\/1\/16\/2705.png\" alt=\"\u2705\" width=\"16\" height=\"16\" \/><\/span> 90,1% des r\u00e9pondants ont remarqu\u00e9 une am\u00e9lioration de la qualit\u00e9 de vie des patients suite \u00e0 notre prise en charge audioproth\u00e9tique.<\/div><div dir=\"auto\" style=\"font-family: inherit;\"><span style=\"text-align: inherit; overflow-wrap: break-word; display: inline-flex; padding: 0px; margin: 0px 1px; vertical-align: middle; height: 16px; width: 16px; font-family: inherit;\"><img decoding=\"async\" style=\"border-width: 0px; border-style: initial; object-fit: fill;\" src=\"https:\/\/static.xx.fbcdn.net\/images\/emoji.php\/v9\/t33\/1\/16\/2705.png\" alt=\"\u2705\" width=\"16\" height=\"16\" \/><\/span> La prise en soin sur le lieu de vie de nos b\u00e9n\u00e9ficiaires est consid\u00e9r\u00e9e, soit comme indispensable, n\u00e9cessaire et utile (99%).<\/div><div dir=\"auto\" style=\"font-family: inherit;\"><span style=\"text-align: inherit; overflow-wrap: break-word; display: inline-flex; padding: 0px; margin: 0px 1px; vertical-align: middle; height: 16px; width: 16px; font-family: inherit;\"><img decoding=\"async\" style=\"border-width: 0px; border-style: initial; object-fit: fill;\" src=\"https:\/\/static.xx.fbcdn.net\/images\/emoji.php\/v9\/t33\/1\/16\/2705.png\" alt=\"\u2705\" width=\"16\" height=\"16\" \/><\/span> Nous sommes fiers d&rsquo;\u00eatre consid\u00e9r\u00e9s soit, comme une entreprise bienveillante, int\u00e8gre et \u00e9thique (95%).<\/div><div style=\"margin: 0.5em 0px 0px; white-space-collapse: preserve; overflow-wrap: break-word; font-family: 'Segoe UI Historic', 'Segoe UI', Helvetica, Arial, sans-serif; color: #050505; font-size: 15px;\">\u00a0<\/div><p style=\"color: #000000; font-family: Arial, sans-serif; font-size: 17px; white-space-collapse: collapse;\"><span style=\"font-family: inherit; color: #050505; font-size: 15px; white-space-collapse: preserve; text-align: var(--text-align);\">Nous nous engageons \u00e0 poursuivre nos efforts afin de pr\u00f4ner nos valeurs et continuer \u00e0 r\u00e9pondre aux besoins de nos b\u00e9n\u00e9ficiaires.<\/span><\/p><p style=\"color: #000000; font-family: Arial, sans-serif; font-size: 17px; white-space-collapse: collapse;\"><span style=\"font-family: inherit; color: #050505; font-size: 15px; white-space-collapse: preserve; text-align: var(--text-align);\">Un immense merci \u00e0 tous ceux qui nous soutiennent, merci pour votre confiance.<\/span><\/p><\/div>\t\t\t\t\t\t<\/div>\n\t\t\t\t<\/div>\n\t\t\t\t\t<\/div>\n\t\t\t\t<\/div>\n\t\t\t\t<\/div>\n\t\t","protected":false},"excerpt":{"rendered":"<p>Actualit\u00e9s \u00c9tude statistique : Comment Les Audioproth\u00e9sistes Mobiles sont per\u00e7us par leurs utilisateurs ? Chez Les Audioproth\u00e9sistes Mobiles, notre objectif est d&rsquo;am\u00e9liorer la qualit\u00e9 de vie des personnes malentendantes en situation de d\u00e9pendance, de mani\u00e8re \u00e9thique et bienveillante, en impliquant les aidants professionnels et familiaux. Afin de garantir que nous respectons pleinement ces objectifs, nous [&hellip;]<\/p>\n","protected":false},"author":1,"featured_media":0,"parent":0,"menu_order":0,"comment_status":"closed","ping_status":"closed","template":"","meta":{"footnotes":""},"class_list":["post-47","page","type-page","status-publish","hentry"],"_links":{"self":[{"href":"https:\/\/audiomobiles.fr\/index.php\/wp-json\/wp\/v2\/pages\/47","targetHints":{"allow":["GET"]}}],"collection":[{"href":"https:\/\/audiomobiles.fr\/index.php\/wp-json\/wp\/v2\/pages"}],"about":[{"href":"https:\/\/audiomobiles.fr\/index.php\/wp-json\/wp\/v2\/types\/page"}],"author":[{"embeddable":true,"href":"https:\/\/audiomobiles.fr\/index.php\/wp-json\/wp\/v2\/users\/1"}],"replies":[{"embeddable":true,"href":"https:\/\/audiomobiles.fr\/index.php\/wp-json\/wp\/v2\/comments?post=47"}],"version-history":[{"count":46,"href":"https:\/\/audiomobiles.fr\/index.php\/wp-json\/wp\/v2\/pages\/47\/revisions"}],"predecessor-version":[{"id":248,"href":"https:\/\/audiomobiles.fr\/index.php\/wp-json\/wp\/v2\/pages\/47\/revisions\/248"}],"wp:attachment":[{"href":"https:\/\/audiomobiles.fr\/index.php\/wp-json\/wp\/v2\/media?parent=47"}],"curies":[{"name":"wp","href":"https:\/\/api.w.org\/{rel}","templated":true}]}}